15
Calculate the greatest common factor of 40075 and 175.
175
What is the highest common divisor of 48 and 899088?
48
What is the highest common factor of 39 and 292175?
13
What is the highest common factor of 20 and 410?
10
Calculate the highest common divisor of 3154 and 215219.
83
What is the greatest common factor of 28 and 1404690?
14
What is the highest common divisor of 19090 and 2392?
46
Calculate the highest common factor of 127040 and 320.
320
What is the highest common factor of 3550 and 4544?
142
Calculate the greatest common divisor of 64 and 2759.
1
Calculate the greatest common divisor of 209500 and 1500.
500
Calculate the highest common factor of 47520 and 1035.
45
What is the greatest common divisor of 6644 and 46156?
44
Calculate the greatest common divisor of 7 and 19663.
7
What is the highest common divisor of 61200 and 528?
48
Calculate the highest common divisor of 157179 and 165.
33
Calculate the greatest common factor of 913 and 4290.
11
What is the greatest common divisor of 100836 and 72?
36
Calculate the greatest common factor of 1189064 and 8.
8
What is the highest common divisor of 3982 and 110?
22
What is the highest common factor of 21 and 3493273?
7
What is the highest common factor of 1885 and 260507?
377
Calculate the greatest common factor of 98 and 1582.
14
What is the highest common divisor of 3530268 and 336?
84
What is the highest common factor of 9522 and 575552?
1058
What is the highest common divisor of 539 and 835499?
49
What is the highest common divisor of 1763609 and 866?
433
What is the highest common divisor of 1794 and 16836?
138
What is the highest common divisor of 43530 and 340?
10
What is the highest common divisor of 756 and 79310?
14
What is the highest common divisor of 1020 and 884?
68
What is the greatest common factor of 19741 and 17879?
19
Calculate the greatest common divisor of 980 and 830.
10
What is the greatest common factor of 236712 and 8?
8
What is the highest common factor of 475 and 380?
95
What is the greatest common divisor of 3394 and 2?
2
What is the greatest common factor of 30 and 6066?
6
Calculate the greatest common divisor of 17586 and 54.
18
What is the highest common factor of 10258 and 782?
46
Calculate the highest common factor of 43660 and 4220.
20
Calculate the greatest common factor of 708946 and 553.
553
What is the greatest common divisor of 8280 and 1017?
9
Calculate the highest common factor of 430 and 180256.
86
Calculate the highest common divisor of 1150 and 8350.
50
Calculate the greatest common factor of 195149 and 19.
19
What is the greatest common divisor of 13190 and 520?
10
What is the highest common factor of 2151 and 9321?
717
What is the greatest common divisor of 12397 and 2277?
253
What is the greatest common factor of 90 and 942?
6
What is the greatest common factor of 2090 and 11451110?
2090
Calculate the greatest common divisor of 2318 and 7087.
19
Calculate the greatest common divisor of 19 and 18107.
19
What is the highest common divisor of 390 and 262990?
130
Calculate the highest common divisor of 182408 and 906.
302
What is the greatest common divisor of 51 and 62203?
17
Calculate the highest common factor of 2669 and 607747.
157
What is the greatest common divisor of 2442 and 4107?
111
Calculate the highest common factor of 56 and 128534.
14
Calculate the highest common divisor of 1927 and 4559.
47
What is the greatest common factor of 683800 and 416?
104
Calculate the greatest common divisor of 31597 and 76.
19
Calculate the highest common factor of 31059 and 189.
63
Calculate the highest common factor of 1197 and 2963107.
133
What is the highest common factor of 5439090 and 30?
30
Calculate the highest common factor of 315422 and 46.
46
What is the greatest common divisor of 1543080 and 42?
42
Calculate the greatest common factor of 210 and 83090.
70
Calculate the greatest common divisor of 9436 and 112.
28
Calculate the highest common factor of 167 and 136439.
167
What is the greatest common divisor of 5037 and 7008?
219
What is the greatest common factor of 8253 and 2177?
7
What is the highest common factor of 10865 and 410?
205
Calculate the highest common divisor of 40 and 9235.
5
Calculate the greatest common factor of 675 and 139995.
135
Calculate the greatest common divisor of 4220 and 8.
4
What is the greatest common factor of 248 and 101736?
8
What is the highest common factor of 16338 and 3318?
42
Calculate the greatest common divisor of 8088 and 1176.
24
What is the highest common divisor of 60 and 51180?
60
What is the highest common divisor of 147 and 1845879?
147
Calculate the highest common divisor of 725 and 283765.
145
What is the highest common factor of 2054 and 806?
26
Calculate the greatest common factor of 62092 and 1376.
172
What is the greatest common factor of 83623 and 17?
17
Calculate the highest common divisor of 8556 and 533076.
372
What is the highest common divisor of 2068 and 10622?
94
Calculate the greatest common factor of 1702 and 5513.
37
What is the greatest common factor of 6 and 2105148?
6
Calculate the greatest common divisor of 206957 and 1186.
593
Calculate the greatest common divisor of 319 and 1133.
11
What is the greatest common divisor of 1440 and 608?
32
Calculate the highest common divisor of 232 and 3308.
4
What is the greatest common factor of 3008 and 4864?
64
What is the highest common divisor of 16 and 90680?
8
What is the highest common factor of 1891575 and 35?
35
Calculate the highest common divisor of 450 and 294390.
90
Calculate the highest common factor of 885 and 11820.
15
What is the highest common factor of 72 and 388?
4
Calculate the highest common factor of 115258 and 638.
22
What is the highest common factor of 1728 and 59712?
192
What is the highest common factor of 791 and 17063?
113
What is the highest common divisor of 43287 and 36840?
921
What is the greatest common divisor of 40 and 361810?
10
Calculate the highest common factor of 510 and 2166735.
255
What is the greatest common divisor of 1180685 and 110?
55
What is the greatest common factor of 4237 and 247?
19
Calculate the greatest common factor of 104843 and 59.
59
Calculate the greatest common divisor of 200 and 231365.
5
Calculate the highest common factor of 6624940 and 79.
79
Calculate the greatest common divisor of 1376 and 132.
4
Calculate the greatest common divisor of 2146 and 27602.
74
Calculate the highest common factor of 40 and 951280.
40
Calculate the highest common divisor of 43295 and 70.
35
Calculate the highest common factor of 192482 and 8582.
1226
What is the greatest common factor of 76755 and 231?
21
What is the highest common divisor of 21984 and 9696?
96
Calculate the greatest common divisor of 40 and 186220.
20
What is the highest common factor of 25818 and 429?
39
What is the greatest common divisor of 387 and 3609?
9
What is the highest common factor of 1055 and 1693064?
211
What is the highest common divisor of 369958 and 776?
194
What is the highest common factor of 3038 and 1374044?
434
Calculate the greatest common factor of 644 and 672014.
322
What is the greatest common factor of 872579 and 83?
83
What is the highest common divisor of 18906 and 1978?
46
What is the highest common factor of 949347 and 42?
21
Calculate the greatest common divisor of 274 and 45758.
274
Calculate the greatest common divisor of 161356 and 143.
13
What is the highest common divisor of 2570 and 3069865?
1285
Calculate the greatest common factor of 128975 and 938.
469
What is the highest common factor of 4194 and 10926?
18
What is the greatest common divisor of 90137 and 23?
23
What is the greatest common factor of 59124 and 234?
78
What is the highest common factor of 7113 and 1704749?
2371
What is the greatest common divisor of 73105 and 135?
5
Calculate the highest common divisor of 35 and 21532.
7
Calculate the greatest common factor of 38722 and 38.
38
What is the greatest common divisor of 40984 and 8829?
109
What is the highest common divisor of 7104 and 19840?
64
What is the greatest common divisor of 160 and 16480?
160
What is the highest common divisor of 2197 and 793624?
169
What is the greatest common factor of 642 and 3643350?
642
Calculate the highest common divisor of 154768 and